20 is divided by 720177?
10
What is the remainder when 28729352 is divided by 65893?
4
Calculate the remainder when 576940 is divided by 360.
220
Calculate the remainder when 16282164 is divided by 73343.
18
Calculate the remainder when 45767256 is divided by 154.
150
What is the remainder when 275713 is divided by 275709?
4
What is the remainder when 449668 is divided by 7494?
28
Calculate the remainder when 123529 is divided by 13540.
1669
What is the remainder when 1871121 is divided by 28350?
21
What is the remainder when 20233079 is divided by 10116535?
9
What is the remainder when 223287 is divided by 328?
247
Calculate the remainder when 53331926 is divided by 3192.
3182
Calculate the remainder when 40175 is divided by 2356.
123
Calculate the remainder when 34234194 is divided by 28.
22
Calculate the remainder when 2142577 is divided by 834.
31
What is the remainder when 6580208 is divided by 70?
68
Calculate the remainder when 30721 is divided by 12470.
5781
Calculate the remainder when 1764134 is divided by 6462.
8
What is the remainder when 436264 is divided by 136?
112
What is the remainder when 75631 is divided by 37488?
655
What is the remainder when 1325814 is divided by 35831?
67
What is the remainder when 479013935 is divided by 69?
65
What is the remainder when 2484045 is divided by 157?
148
What is the remainder when 143684 is divided by 7837?
2618
Calculate the remainder when 25065891 is divided by 864340.
31
What is the remainder when 3943137 is divided by 6309?
12
What is the remainder when 384233790 is divided by 10016?
10014
Calculate the remainder when 8135717 is divided by 478571.
10
What is the remainder when 441328 is divided by 1310?
1168
Calculate the remainder when 171094 is divided by 56897.
403
What is the remainder when 174888 is divided by 575?
88
Calculate the remainder when 183337565 is divided by 16.
13
What is the remainder when 2568442 is divided by 155?
92
Calculate the remainder when 30682 is divided by 2940.
1282
Calculate the remainder when 356270 is divided by 2474.
14
What is the remainder when 8086 is divided by 567?
148
Calculate the remainder when 12376493 is divided by 26.
25
Calculate the remainder when 205763 is divided by 102735.
293
What is the remainder when 243393836 is divided by 17273?
17266
Calculate the remainder when 29595 is divided by 9389.
1428
Calculate the remainder when 1480299024 is divided by 2929.
2927
Calculate the remainder when 359066 is divided by 71742.
356
Calculate the remainder when 105307666 is divided by 105307664.
2
Calculate the remainder when 495621773 is divided by 11.
9
Calculate the remainder when 21156080 is divided by 1096.
1088
What is the remainder when 273232227 is divided by 68?
67
What is the remainder when 119772 is divided by 1767?
1383
What is the remainder when 6946168 is divided by 491?
482
Calculate the remainder when 134214747 is divided by 218.
213
What is the remainder when 158221 is divided by 3448?
3061
What is the remainder when 581147 is divided by 9535?
9047
Calculate the remainder when 1840065 is divided by 36.
33
What is the remainder when 2226863 is divided by 1182?
1157
What is the remainder when 1458564 is divided by 1458432?
132
What is the remainder when 35576 is divided by 17483?
610
Calculate the remainder when 224352 is divided by 1626.
1590
What is the remainder when 15834156 is divided by 227?
225
Calculate the remainder when 33155526 is divided by 1445.
1
Calculate the remainder when 2420094 is divided by 345598.
908
Calculate the remainder when 20623 is divided by 18960.
1663
Calculate the remainder when 159340761 is divided by 1498.
1497
Calculate the remainder when 64010445 is divided by 340.
5
Calculate the remainder when 29461343 is divided by 132.
131
Calculate the remainder when 3000927 is divided by 17.
2
What is the remainder when 459854 is divided by 20?
14
What is the remainder when 3619371 is divided by 122?
119
Calculate the remainder when 287760848 is divided by 26.
24
Calculate the remainder when 6553808 is divided by 3276886.
36
What is the remainder when 4189523 is divided by 1308?
1307
Calculate the remainder when 37562 is divided by 5350.
112
What is the remainder when 21130 is divided by 2933?
599
What is the remainder when 108967 is divided by 181?
5
What is the remainder when 803840 is divided by 147?
44
What is the remainder when 423757 is divided by 1036?
33
Calculate the remainder when 721245 is divided by 392.
357
What is the remainder when 311727 is divided by 6344?
871
What is the remainder when 211130249 is divided by 28?
1
Calculate the remainder when 353710525 is divided by 41.
40
Calculate the remainder when 721431328 is divided by 26.
20
Calculate the remainder when 1342446 is divided by 27967.
30
Calculate the remainder when 4672426 is divided by 16.
10
What is the remainder when 327448 is divided by 53584?
5944
Calculate the remainder when 1802549 is divided by 38.
19
Calculate the remainder when 389822 is divided by 129397.
1631
Calculate the remainder when 3736904 is divided by 373687.
34
Calculate the remainder when 2746440 is divided by 251.
249
What is the remainder when 3423157 is divided by 130?
127
What is the remainder when 143952 is divided by 143879?
73
Calculate the remainder when 27070739 is divided by 180.
179
Calculate the remainder when 45937 is divided by 45636.
301
Calculate the remainder when 2348318 is divided by 4186.
4158
What is the remainder when 60861333 is divided by 115?
113
What is the remainder when 120185 is divided by 281?
198
What is the remainder when 85345 is divided by 129?
76
Calculate the remainder when 977838 is divided by 2112.
2094
What is the remainder when 793181 is divided by 1552?
109
Calculate the remainder when 975962 is divided by 201.
107
What is the remainder when 1902173 is divided by 2913?
2897
What is the remainder when 1822290 is divided by 62832?
162
What is the remainder when 405592 is divided by 399817?
5775
What is the remainder when 69178 is divided by 6275?
153
Calculate the remainder when 25459194 is divided by 1105.
1099
What is the remainder when 4919135 is divided by 19?
16
Calculate the remainder when 319670 is divided by 122.
30
What is the remainder when 2265983 is divided by 846?
395
What is the remainder when 37758883 is divided by 18879439?
5
What is the remainder when 9586058 is divided by 1613?
1612
Calculate the remainder when 26023264 is divided by 8230.
4
What is the remainder when 261723318 is divided by 3262?
10
What is the remainder when 472940 is divided by 3611?
3510
Calculate the remainder when 3397395 is divided by 1132462.
9
Calculate the remainder when 21915517 is divided by 1936.
1933
What is the remainder when 14062245 is divided by 17170?
15
Calculate the remainder when 4129968 is divided by 97.
96
Calculate the remainder when 17346970 is divided by 87.
40
What is the remainder when 626122 is divided by 3781?
2257
Calculate the remainder when 26266 is divided by 3785.
3556
What is the remainder when 3584320 is divided by 1194752?
64
Calculate the remainder when 350043 is divided by 12964.
15
What is the remainder when 8634514 is divided by 21915?
4
What is the remainder when 25148154 is divided by 12574074?
6
What is the remainder when 1012585 is divided by 168?
49
Calculate the remainder when 19122 is divided by 399.
369
Calculate the remainder when 18601482 is divided by 64143.
12
What is the remainder when 474375329 is divided by 2378?
2377
What is the remainder when 136899 is divided by 734?
375
Calculate the remainder when 6273027 is divided by 288.
99
Calculate the remainder when 117364 is divided by 236.
72
Calculate the remainder when 47142844 is divided by 3223.
23
What is the remainder when 432283 is divided by 244?
159
What is the remainder when 36598 is divided by 17462?
1674
Calculate the remainder when 8445093 is divided by 3.
0
Calculate the remainder when 89175 is divided by 17537.
1490
What is the remainder when 42828 is divided by 175?
128
Calculate the remainder when 14835341 is divided by 2774.
2763
Calculate the remainder when 525637 is divided by 11423.
179
What is the remainder when 680395 is divided by 1400?
1395
What is the remainder when 656812838 is divided by 92?
90
Calculate